16
Convert 6 (base 15) to base 4.
12
34 (base 11) to base 12
31
Convert 1d (base 14) to base 16.
1b
What is -44 (base 9) in base 11?
-37
3 (base 15) to base 16
3
Convert -221 (base 4) to base 8.
-51
-180 (base 10) to base 14
-cc
What is 3a (base 14) in base 5?
202
Convert 7 (base 9) to base 8.
7
-2 (base 7) to base 13
-2
Convert -1 (base 15) to base 14.
-1
What is -31 (base 4) in base 8?
-15
What is -d (base 15) in base 14?
-d
What is -4 (base 9) in base 5?
-4
Convert 320 (base 5) to base 2.
1010101
2210 (base 3) to base 11
69
Convert 3 (base 13) to base 4.
3
-15 (base 8) to base 9
-14
0 (base 10) to base 8
0
-35 (base 10) to base 11
-32
Convert 25c (base 13) to base 4.
12133
3 (base 12) to base 14
3
What is 2 (base 8) in base 4?
2
Convert 14 (base 13) to base 5.
32
Convert 62 (base 14) to base 9.
105
Convert -2 (base 4) to base 13.
-2
-112 (base 12) to base 4
-2132
What is 0 (base 9) in base 2?
0
17 (base 13) to base 14
16
-11 (base 4) to base 3
-12
What is -8 (base 16) in base 12?
-8
What is 11 (base 7) in base 13?
8
Convert 3 (base 5) to base 13.
3
What is -21 (base 14) in base 2?
-11101
14 (base 6) to base 5
20
What is 13 (base 7) in base 9?
11
Convert -11 (base 4) to base 11.
-5
Convert 1 (base 5) to base 13.
1
What is 12 (base 5) in base 6?
11
-1 (base 9) to base 5
-1
-11 (base 6) to base 14
-7
4a (base 12) to base 6
134
-2 (base 13) to base 5
-2
Convert 1 (base 3) to base 4.
1
What is 14 (base 15) in base 11?
18
-2 (base 4) to base 12
-2
-39 (base 15) to base 9
-60
What is -2 (base 8) in base 15?
-2
What is -2c (base 13) in base 3?
-1102
Convert 32 (base 15) to base 12.
3b
What is 1011 (base 2) in base 3?
102
267 (base 10) to base 9
326
What is 0 (base 8) in base 16?
0
Convert 4 (base 16) to base 6.
4
-1b (base 16) to base 2
-11011
Convert 3a (base 12) to base 4.
232
What is -7 (base 14) in base 9?
-7
What is 40 (base 8) in base 9?
35
What is 2 (base 5) in base 3?
2
What is -10 (base 5) in base 10?
-5
What is -5 (base 14) in base 16?
-5
What is 1235 (base 6) in base 7?
623
What is -11 (base 11) in base 6?
-20
16c (base 14) to base 12
204
4 (base 16) to base 12
4
-1102 (base 3) to base 16
-26
4 (base 9) to base 15
4
-5 (base 10) to base 4
-11
101 (base 3) to base 5
20
Convert 4 (base 6) to base 5.
4
What is 5 (base 11) in base 13?
5
Convert -8 (base 11) to base 3.
-22
Convert 534 (base 7) to base 13.
17a
Convert 35 (base 8) to base 13.
23
6e (base 16) to base 9
132
1200 (base 4) to base 12
80
Convert -3 (base 9) to base 3.
-10
Convert a (base 12) to base 14.
a
What is 2002 (base 3) in base 6?
132
Convert -48 (base 10) to base 9.
-53
-14 (base 11) to base 14
-11
What is -3 (base 14) in base 16?
-3
-13 (base 11) to base 7
-20
What is 142 (base 5) in base 4?
233
Convert 1014 (base 7) to base 4.
11202
Convert 2 (base 14) to base 7.
2
1000 (base 5) to base 16
7d
What is 24 (base 6) in base 5?
31
What is -12 (base 6) in base 3?
-22
Convert -2 (base 4) to base 8.
-2
11 (base 7) to base 14
8
Convert -1 (base 11) to base 10.
-1
What is -5 (base 10) in base 15?
-5
What is -1 (base 7) in base 14?
-1
Convert -12 (base 4) to base 9.
-6
What is 3 (base 9) in base 4?
3
Convert 11 (base 2) to base 14.
3
3 (base 13) to base 10
3
Convert -2 (base 11) to base 5.
-2
-60 (base 11) to base 8
-102
Convert 86 (base 16) to base 11.
112
What is -5 (base 13) in base 3?
-12
What is 137 (base 13) in base 3?
21222
Convert -11 (base 14) to base 12.
-13
Convert -110 (base 4) to base 16.
-14
Convert 3 (base 6) to base 7.
3
-36 (base 12) to base 9
-46
What is -102 (base 7) in base 5?
-201
Convert -15 (base 9) to base 14.
-10
What is 6 (base 13) in base 6?
10
Convert 345 (base 6) to base 10.
137
What is 11 (base 2) in base 8?
3
What is -111 (base 2) in base 16?
-7
Convert -21 (base 8) to base 9.
-18
-7 (base 9) to base 10
-7
Convert -202 (base 3) to base 15.
-15
What is -4 (base 13) in base 2?
-100
What is 11 (base 2) in base 3?
10
Convert 2 (base 13) to base 8.
2
Convert -10 (base 15) to base 8.
-17
4 (base 13) to base 3
11
Convert -4 (base 5) to base 14.
-4
What is 12 (base 4) in base 11?
6
-1 (base 14) to base 11
-1
What is -1222 (base 3) in base 14?
-3b
5 (base 9) to base 14
5
What is -1110 (base 2) in base 9?
-15
What is 1 (base 11) in base 12?
1
What is -15 (base 8) in base 2?
-1101
What is -68 (base 12) in base 7?
-143
1 (base 9) to base 3
1
2 (base 13) to base 3
2
44 (base 6) to base 10
28
Convert -158 (base 12) to base 7.
-422
What is -10101010 (base 2) in base 3?
-20022
What is -7 (base 12) in base 11?
-7
What is 11 (base 4) in base 7?
5
Convert 1 (base 11) to base 15.
1
What is -59 (base 10) in base 11?
-54
Convert -16 (base 9) to base 8.
-17
Convert -201 (base 3) to base 15.
-14
Convert -b (base 13) to base 9.
-12
Convert -3 (base 4) to base 8.
-3
What is f (base 16) in base 3?
120
-12 (base 6) to base 16
-8
Convert a (base 16) to base 9.
11
-10 (base 7) to base 2
-111
2230 (base 4) to base 8
254
1100 (base 2) to base 16
c
Convert 5 (base 16) to base 12.
5
-a7 (base 16) to base 5
-1132
What is 11 (base 4) in base 16?
5
-4 (base 6) to base 13
-4
-20 (base 4) to base 3
-22
156 (base 15) to base 14
17c
Convert 3 (base 15) to base 5.
3
Convert -20 (base 4) to base 13.
-8
What is 100101000 (base 2) in base 13?
19a
-14 (base 6) to base 7
-13
-13 (base 8) to base 4
-23
What is 10 (base 2) in base 10?
2
-3 (base 13) to base 15
-3
Convert -24 (base 9) to base 13.
-19
Convert -11 (base 5) to base 10.
-6
Convert -210 (base 5) to base 12.
-47
1010 (base 2) to base 15
a
-6 (base 7) to base 13
-6
Convert -30 (base 10) to base 3.
-1010
Convert -14 (base 15) to base 8.
-23
3 (base 16) to base 9
3
-10 (base 6) to base 16
-6
What is 104 (base 7) in base 3?
1222
3 (base 12) to base 5
3
Convert 72 (base 10) to base 6.
200
10011 (base 2) to base 14
15
Convert 2003 (base 5) to base 9.
311
What is 6a (base 14) in base 12?
7a
0 (base 11) to base 6
0
Convert -110 (base 3) to base 6.
-20
Convert 0 (base 6) to base 9.
0
What is e (base 15) in base 2?
1110
What is 2 (base 13) in base 15?
2
-10 (base 16) to base 13
-13
What is -3 (base 4) in base 12?
-3
Convert 0 (base 5) to base 12.
0
Convert -7 (base 9) to base 7.
-10
What is 5 (base 13) in base 11?
5
37 (base 13) to base 10
46
-42 (base 14) to base 11
-53
1 (base 5) to base 4
1
-2 (base 6) to base 9
-2
Convert 2 (base 14) to base 12.
2
What is 18 (base 16) in base 15?
19
Convert -5 (base 14) to base 2.
-101
-235 (base 6) to base 13
-74
-114 (base 5) to base 16
-22
What is -24 (base 13) in base 12?
-26
186 (base 9) to base 10
159
Convert -4b (base 16) to base 14.
-55
Convert 110 (base 2) to base 5.
11
Convert 23 (base 8) to base 11.
18
Convert 5 (base 9) to base 16.
5
What is 36 (base 8) in base 14?
22
-115 (base 6) to base 8
-57
2021 (base 4) to base 9
162
Convert -9 (base 14) to base 13.
-9
Convert 0 (base 14) to base 12.
0
What is 10 (base 11) in base 12?
b
What is -10001 (base 4) in base 11?
-214
What is a (base 11) in base 6?
14
Convert -43 (base 8) to base 11.
-32
Convert 442 (base 5) to base 9.
145
8 (base 15) to base 5
13
-10110 (base 2) to base 15
-17
Convert -42 (base 16) to base 10.
-66
-166 (base 13) to base 6
-1101
-22 (base 14) to base 12
-26
Convert 1b8 (base 12) to base 2.
100011100
What is 133 (base 4) in base 13?
25
-4 (base 15) to base 9
-4
What is 20 (base 15) in base 5?
110
-1 (base 6) to base 4
-1
What is 225 (base 7) in base 9?
140
-2 (base 10) to base 7
-2
Convert 2 (base 9) to base 7.
2
Convert -39 (base 10) to base 6.
-103
Convert -1221 (base 5) to base 14.
-d4
What is 54 (base 6) in base 2?
100010
What is 1 (base 9) in base 6?
1
What is 110 (base 5) in base 16?
1e
What is -1041 (base 7) in base 14?
-1c8
4 (base 7) to base 6
4
What is -3 (base 8) in base 13?
-3
Convert 2 (base 7) to base 16.
2
What is 72 (base 14) in base 13?
79
Convert -121 (base 7) to base 9.
-71
-208 (base 9) to base 15
-b5
Convert -206 (base 8) to base 11.
-112
-101 (base 4) to base 2
-10001
1b (base 12) to base 6
35
What is 17 (base 8) in base 7?
21
What is -214 (base 6) in base 13?
-64
Convert -2 (base 4) to base 7.
-2
Convert -3 (base 6) to base 9.
-3
What is -2 (base 14) in base 7?
-2
-1 (base 13) to base 16
-1
Convert -121 (base 5) to base 12.
-30
What is -f (base 16) in base 15?
-10
10 (base 14) to base 5
24
Convert 100100 (base 